{"id":2201,"date":"2025-11-28T10:26:14","date_gmt":"2025-11-28T09:26:14","guid":{"rendered":"http:\/\/localhost\/mae\/?page_id=2201"},"modified":"2025-12-01T12:55:01","modified_gmt":"2025-12-01T11:55:01","slug":"direction-generale-de-lagriculture-dga","status":"publish","type":"page","link":"https:\/\/agriculture.gouv.ne\/?page_id=2201","title":{"rendered":"Direction G\u00e9n\u00e9rale de l&rsquo;Agriculture (DGA)"},"content":{"rendered":"\t\t<div data-elementor-type=\"wp-page\" data-elementor-id=\"2201\" class=\"elementor elementor-2201\">\n\t\t\t\t\t\t<section class=\"penci-section penci-disSticky penci-structure-10 elementor-section elementor-top-section elementor-element elementor-element-177debb elementor-section-boxed elementor-section-height-default elementor-section-height-default\" data-id=\"177debb\" data-element_type=\"section\">\n\t\t\t\t\t\t<div class=\"elementor-container elementor-column-gap-default\">\n\t\t\t\t\t<div class=\"penci-ercol-100 penci-ercol-order-1 penci-sticky-ct    elementor-column elementor-col-100 elementor-top-column elementor-element elementor-element-5e2c5c6\" data-id=\"5e2c5c6\" data-element_type=\"column\">\n\t\t\t<div class=\"elementor-widget-wrap elementor-element-populated\">\n\t\t\t\t\t\t<div class=\"elementor-element elementor-element-f0b5f37 elementor-widget elementor-widget-penci-text-block\" data-id=\"f0b5f37\" data-element_type=\"widget\" data-widget_type=\"penci-text-block.default\">\n\t\t\t\t<div class=\"elementor-widget-container\">\n\t\t\t\t\t\t\t<div class=\"penci-block-vc penci-text-editor\">\r\n\t\t\t\t\t\t<div class=\"penci-block_content\">\r\n\t\t\t\t<div class=\"elementor-text-editor elementor-clearfix\"><p><strong>La Direction G\u00e9n\u00e9rale de l&rsquo;Agriculture (DGA<\/strong>) qui comprend les directions techniques nationales ci-apr\u00e8s:<br \/>\u25a0 la Direction de la Promotion des Plateformes de Services (DPPS) ;<br \/>\u25a0 la Direction de la Promotion des fili\u00e8res et des Chaines de Valeurs Agricoles (DPFCVA) ;<br \/>\u25a0 la Direction du Contr\u00f4le et de la Certification des Semences (DCCS) ;<br \/>\u25a0 la Direction de l&rsquo;Inspection et du Contr\u00f4le de la qualit\u00e9 des Engrais (DICE).<\/p><\/div>\r\n\t\t\t<\/div>\r\n\t\t<\/div>\r\n\t\t\t\t\t\t<\/div>\n\t\t\t\t<\/div>\n\t\t\t\t\t<\/div>\n\t\t<\/div>\n\t\t\t\t\t<\/div>\n\t\t<\/section>\n\t\t\t\t<\/div>\n\t\t","protected":false},"excerpt":{"rendered":"<p>La Direction G\u00e9n\u00e9rale de l&rsquo;Agriculture (DGA) qui comprend les directions techniques nationales ci-apr\u00e8s:\u25a0 la Direction de la Promotion des Plateformes de Services&hellip;<\/p>\n","protected":false},"author":1,"featured_media":0,"parent":0,"menu_order":0,"comment_status":"closed","ping_status":"closed","template":"","meta":{"footnotes":""},"class_list":["post-2201","page","type-page","status-publish","hentry"],"_links":{"self":[{"href":"https:\/\/agriculture.gouv.ne\/index.php?rest_route=\/wp\/v2\/pages\/2201","targetHints":{"allow":["GET"]}}],"collection":[{"href":"https:\/\/agriculture.gouv.ne\/index.php?rest_route=\/wp\/v2\/pages"}],"about":[{"href":"https:\/\/agriculture.gouv.ne\/index.php?rest_route=\/wp\/v2\/types\/page"}],"author":[{"embeddable":true,"href":"https:\/\/agriculture.gouv.ne\/index.php?rest_route=\/wp\/v2\/users\/1"}],"replies":[{"embeddable":true,"href":"https:\/\/agriculture.gouv.ne\/index.php?rest_route=%2Fwp%2Fv2%2Fcomments&post=2201"}],"version-history":[{"count":19,"href":"https:\/\/agriculture.gouv.ne\/index.php?rest_route=\/wp\/v2\/pages\/2201\/revisions"}],"predecessor-version":[{"id":2285,"href":"https:\/\/agriculture.gouv.ne\/index.php?rest_route=\/wp\/v2\/pages\/2201\/revisions\/2285"}],"wp:attachment":[{"href":"https:\/\/agriculture.gouv.ne\/index.php?rest_route=%2Fwp%2Fv2%2Fmedia&parent=2201"}],"curies":[{"name":"wp","href":"https:\/\/api.w.org\/{rel}","templated":true}]}}